{"id":8706,"date":"2026-01-10T16:58:34","date_gmt":"2026-01-10T16:58:34","guid":{"rendered":"https:\/\/walkin.tn\/?post_type=product&#038;p=8706"},"modified":"2026-01-10T16:58:35","modified_gmt":"2026-01-10T16:58:35","slug":"nike-v2k-run-6","status":"publish","type":"product","link":"https:\/\/walkin.tn\/?product=nike-v2k-run-6","title":{"rendered":"Nike V2K Run"},"content":{"rendered":"<ul data-hveid=\"CCAQAQ\" data-ved=\"2ahUKEwiorI6y8Y2RAxUnRKQEHdKMKAsQm_YKegQIIBAB\">\n<li><span data-huuid=\"7528955969517745461\"><strong>Style R\u00e9tro Futuriste :<\/strong>\u00a0La V2K Run revisite le style des catalogues de running du d\u00e9but des ann\u00e9es 2000, offrant un look \u00e0 la fois vintage et moderne.<span class=\"pjBG2e\" data-cid=\"db9f9913-85fd-4e31-92eb-003ae4643a00\"><span class=\"UV3uM\">\u00a0<\/span><\/span><\/span>\n<div class=\"NPrrbc\" data-cid=\"db9f9913-85fd-4e31-92eb-003ae4643a00\" data-uuids=\"7528955969517745461\">\n<div class=\"BMebGe btku5b LwdV0e FR7ZSc OJeuxf\" tabindex=\"0\" role=\"button\" aria-label=\"Afficher les liens associ\u00e9s\" data-hveid=\"CBMQAQ\" data-ved=\"2ahUKEwiorI6y8Y2RAxUnRKQEHdKMKAsQ3fYKegQIExAB\">\n<div class=\"niO4u\"><\/div>\n<\/div>\n<\/div>\n<\/li>\n<li><span data-huuid=\"7528955969517746571\"><strong>Confort et Amorti :<\/strong>\u00a0Elles sont con\u00e7ues avec un talon imposant et une semelle interm\u00e9diaire en mousse double densit\u00e9 pour un confort optimal tout au long de la journ\u00e9e.\u00a0<\/span><span data-huuid=\"7528955969517745078\">Le talon est \u00e9galement tr\u00e8s amorti.<span class=\"pjBG2e\" data-cid=\"d56c6e76-d3a4-46da-ae25-60a2ab83a4f4\"><span class=\"UV3uM\">\u00a0<\/span><\/span><\/span>\n<div class=\"NPrrbc\" data-cid=\"d56c6e76-d3a4-46da-ae25-60a2ab83a4f4\" data-uuids=\"7528955969517746571,7528955969517745078\">\n<div class=\"BMebGe btku5b LwdV0e FR7ZSc OJeuxf\" tabindex=\"0\" role=\"button\" aria-label=\"Afficher les liens associ\u00e9s\" data-hveid=\"CBgQAQ\" data-ved=\"2ahUKEwiorI6y8Y2RAxUnRKQEHdKMKAsQ3fYKegQIGBAB\">\n<div class=\"niO4u\"><\/div>\n<\/div>\n<\/div>\n<\/li>\n<li><span data-huuid=\"7528955969517746188\"><strong>D\u00e9tails et Mat\u00e9riaux :<\/strong>\u00a0L\u2019empeigne en mesh est l\u00e9g\u00e8re et respirante.\u00a0<\/span><span data-huuid=\"7528955969517744695\">La chaussure pr\u00e9sente un m\u00e9lange de d\u00e9tails m\u00e9tallis\u00e9s \u00e9tincelants et d\u2019\u00e9l\u00e9ments en plastique translucide, rappelant la Nike Vomero 5.<span class=\"pjBG2e\" data-cid=\"8b48c833-2fcb-41de-acc2-1dd5bfe1f2a0\"><span class=\"UV3uM\">\u00a0<\/span><\/span><\/span>\n<div class=\"NPrrbc\" data-cid=\"8b48c833-2fcb-41de-acc2-1dd5bfe1f2a0\" data-uuids=\"7528955969517746188,7528955969517744695\">\n<div class=\"BMebGe btku5b LwdV0e FR7ZSc OJeuxf\" tabindex=\"0\" role=\"button\" aria-label=\"Afficher les liens associ\u00e9s\" data-hveid=\"CBcQAQ\" data-ved=\"2ahUKEwiorI6y8Y2RAxUnRKQEHdKMKAsQ3fYKegQIFxAB\">\n<div class=\"niO4u\"><\/div>\n<\/div>\n<\/div>\n<\/li>\n<li><span data-huuid=\"7528955969517745805\"><strong>Couleurs :<\/strong>\u00a0Le mod\u00e8le sp\u00e9cifique sur l\u2019image arbore des tons de blanc, d\u2019argent m\u00e9tallis\u00e9 et de bronze\/marron.<span class=\"pjBG2e\" data-cid=\"58808d47-a504-4c82-8b55-f0a535df361a\"><span class=\"UV3uM\">\u00a0<\/span><\/span><\/span><\/li>\n<\/ul>\n","protected":false},"excerpt":{"rendered":"<p>Style R\u00e9tro Futuriste :\u00a0La V2K Run revisite le style des catalogues de running du d\u00e9but des ann\u00e9es 2000, offrant un look \u00e0 la fois vintage et moderne.\u00a0 Confort et Amorti :\u00a0Elles sont con\u00e7ues avec un talon imposant et une semelle interm\u00e9diaire en mousse double densit\u00e9 pour un confort optimal tout au long de la journ\u00e9e.\u00a0Le [&hellip;]<\/p>\n","protected":false},"featured_media":8708,"comment_status":"open","ping_status":"closed","template":"","meta":[],"product_brand":[],"product_cat":[76],"product_tag":[],"class_list":{"0":"post-8706","1":"product","2":"type-product","3":"status-publish","4":"has-post-thumbnail","6":"product_cat-nike","8":"first","9":"instock","10":"sale","11":"shipping-taxable","12":"purchasable","13":"product-type-variable"},"_links":{"self":[{"href":"https:\/\/walkin.tn\/index.php?rest_route=\/wp\/v2\/product\/8706","targetHints":{"allow":["GET"]}}],"collection":[{"href":"https:\/\/walkin.tn\/index.php?rest_route=\/wp\/v2\/product"}],"about":[{"href":"https:\/\/walkin.tn\/index.php?rest_route=\/wp\/v2\/types\/product"}],"replies":[{"embeddable":true,"href":"https:\/\/walkin.tn\/index.php?rest_route=%2Fwp%2Fv2%2Fcomments&post=8706"}],"wp:featuredmedia":[{"embeddable":true,"href":"https:\/\/walkin.tn\/index.php?rest_route=\/wp\/v2\/media\/8708"}],"wp:attachment":[{"href":"https:\/\/walkin.tn\/index.php?rest_route=%2Fwp%2Fv2%2Fmedia&parent=8706"}],"wp:term":[{"taxonomy":"product_brand","embeddable":true,"href":"https:\/\/walkin.tn\/index.php?rest_route=%2Fwp%2Fv2%2Fproduct_brand&post=8706"},{"taxonomy":"product_cat","embeddable":true,"href":"https:\/\/walkin.tn\/index.php?rest_route=%2Fwp%2Fv2%2Fproduct_cat&post=8706"},{"taxonomy":"product_tag","embeddable":true,"href":"https:\/\/walkin.tn\/index.php?rest_route=%2Fwp%2Fv2%2Fproduct_tag&post=8706"}],"curies":[{"name":"wp","href":"https:\/\/api.w.org\/{rel}","templated":true}]}}