{"id":8142,"date":"2025-12-10T10:50:37","date_gmt":"2025-12-10T10:50:37","guid":{"rendered":"https:\/\/walkin.tn\/?post_type=product&#038;p=8142"},"modified":"2025-12-10T10:50:38","modified_gmt":"2025-12-10T10:50:38","slug":"new-balance-9060-reflection-raincloud-quarry-blue","status":"publish","type":"product","link":"https:\/\/walkin.tn\/?product=new-balance-9060-reflection-raincloud-quarry-blue","title":{"rendered":"New balance 9060-reflection\/raincloud\/Quarry blue"},"content":{"rendered":"<div><a class=\"ltr-194u1uv-Heading\" dir=\"ltr\" href=\"https:\/\/www.farfetch.com\/dz\/shopping\/men\/new-balance\/items.aspx\" data-ffref=\"pp_infobrd\" data-component=\"HeadingBold\">New Balance<\/a><\/p>\n<p class=\"ltr-4y8w0i-Body\" data-component=\"Body\">baskets 9060 &lsquo;Reflection\/Raincloud\/Quarry Blue&rsquo;<\/p>\n<\/div>\n<div class=\"ltr-fzg9du e1yiqd0\">\n<h4 class=\"ltr-2pfgen-Body-BodyBold\" data-component=\"BodyBold\">D\u00e9tails<\/h4>\n<ul class=\"_fdc1e5\">\n<li class=\"ltr-4y8w0i-Body\" data-component=\"Body\">blanc<\/li>\n<li class=\"ltr-4y8w0i-Body\" data-component=\"Body\">daim<\/li>\n<li class=\"ltr-4y8w0i-Body\" data-component=\"Body\">fermeture \u00e0 lacer sur le devant<\/li>\n<li class=\"ltr-4y8w0i-Body\" data-component=\"Body\">logo brod\u00e9 \u00e0 l&rsquo;arri\u00e8re<\/li>\n<li class=\"ltr-4y8w0i-Body\" data-component=\"Body\">empi\u00e8cements en mesh<\/li>\n<li class=\"ltr-4y8w0i-Body\" data-component=\"Body\">appliqu\u00e9 logo<\/li>\n<li class=\"ltr-4y8w0i-Body\" data-component=\"Body\">languette \u00e0 patch logo<\/li>\n<li class=\"ltr-4y8w0i-Body\" data-component=\"Body\">bout rond<\/li>\n<li class=\"ltr-4y8w0i-Body\" data-component=\"Body\">semelle \u00e9paisse en caoutchouc<\/li>\n<li class=\"ltr-4y8w0i-Body\" data-component=\"Body\">semelle interm\u00e9diaire ABZORB\u00ae signature<\/li>\n<li class=\"ltr-4y8w0i-Body\" data-component=\"Body\">Ces mod\u00e8les sont fournis par une plateforme de baskets premium et authentifi\u00e9es. Cette paire vous est propos\u00e9e par un fournisseur de baskets dont la s\u00e9lection se compose des mod\u00e8les parmi les plus rares et les plus recherch\u00e9s au monde.<\/li>\n<\/ul>\n<\/div>\n","protected":false},"excerpt":{"rendered":"<p>New Balance baskets 9060 &lsquo;Reflection\/Raincloud\/Quarry Blue&rsquo; D\u00e9tails blanc daim fermeture \u00e0 lacer sur le devant logo brod\u00e9 \u00e0 l&rsquo;arri\u00e8re empi\u00e8cements en mesh appliqu\u00e9 logo languette \u00e0 patch logo bout rond semelle \u00e9paisse en caoutchouc semelle interm\u00e9diaire ABZORB\u00ae signature Ces mod\u00e8les sont fournis par une plateforme de baskets premium et authentifi\u00e9es. Cette paire vous est propos\u00e9e [&hellip;]<\/p>\n","protected":false},"featured_media":8144,"comment_status":"open","ping_status":"closed","template":"","meta":[],"product_brand":[],"product_cat":[78],"product_tag":[],"class_list":{"0":"post-8142","1":"product","2":"type-product","3":"status-publish","4":"has-post-thumbnail","6":"product_cat-new-balance","8":"first","9":"instock","10":"sale","11":"shipping-taxable","12":"purchasable","13":"product-type-variable"},"_links":{"self":[{"href":"https:\/\/walkin.tn\/index.php?rest_route=\/wp\/v2\/product\/8142","targetHints":{"allow":["GET"]}}],"collection":[{"href":"https:\/\/walkin.tn\/index.php?rest_route=\/wp\/v2\/product"}],"about":[{"href":"https:\/\/walkin.tn\/index.php?rest_route=\/wp\/v2\/types\/product"}],"replies":[{"embeddable":true,"href":"https:\/\/walkin.tn\/index.php?rest_route=%2Fwp%2Fv2%2Fcomments&post=8142"}],"wp:featuredmedia":[{"embeddable":true,"href":"https:\/\/walkin.tn\/index.php?rest_route=\/wp\/v2\/media\/8144"}],"wp:attachment":[{"href":"https:\/\/walkin.tn\/index.php?rest_route=%2Fwp%2Fv2%2Fmedia&parent=8142"}],"wp:term":[{"taxonomy":"product_brand","embeddable":true,"href":"https:\/\/walkin.tn\/index.php?rest_route=%2Fwp%2Fv2%2Fproduct_brand&post=8142"},{"taxonomy":"product_cat","embeddable":true,"href":"https:\/\/walkin.tn\/index.php?rest_route=%2Fwp%2Fv2%2Fproduct_cat&post=8142"},{"taxonomy":"product_tag","embeddable":true,"href":"https:\/\/walkin.tn\/index.php?rest_route=%2Fwp%2Fv2%2Fproduct_tag&post=8142"}],"curies":[{"name":"wp","href":"https:\/\/api.w.org\/{rel}","templated":true}]}}