{"id":10327,"date":"2026-04-04T10:50:11","date_gmt":"2026-04-04T10:50:11","guid":{"rendered":"https:\/\/walkin.tn\/?post_type=product&#038;p=10327"},"modified":"2026-04-04T10:50:12","modified_gmt":"2026-04-04T10:50:12","slug":"asics-gel-nyc","status":"publish","type":"product","link":"https:\/\/walkin.tn\/?product=asics-gel-nyc","title":{"rendered":"ASICS Gel-NYC"},"content":{"rendered":"<h4 class=\"ltr-2pfgen-Body-BodyBold\" data-component=\"BodyBold\">D\u00e9tails<\/h4>\n<ul class=\"_fdc1e5\">\n<li class=\"ltr-4y8w0i-Body\" data-component=\"Body\">blanc<\/li>\n<li class=\"ltr-4y8w0i-Body\" data-component=\"Body\">fermeture \u00e0 lacer sur le devant<\/li>\n<li class=\"ltr-4y8w0i-Body\" data-component=\"Body\">languette \u00e0 logo brod\u00e9<\/li>\n<li class=\"ltr-4y8w0i-Body\" data-component=\"Body\">semelle int\u00e9rieure amovible<\/li>\n<li class=\"ltr-4y8w0i-Body\" data-component=\"Body\">Lorsque vous passez commande, veillez \u00e0 prendre en compte que les mensurations indiqu\u00e9es pour cet article unisexe correspondent \u00e0 la taille homme<\/li>\n<\/ul>\n","protected":false},"excerpt":{"rendered":"<p>D\u00e9tails blanc fermeture \u00e0 lacer sur le devant languette \u00e0 logo brod\u00e9 semelle int\u00e9rieure amovible Lorsque vous passez commande, veillez \u00e0 prendre en compte que les mensurations indiqu\u00e9es pour cet article unisexe correspondent \u00e0 la taille homme<\/p>\n","protected":false},"featured_media":10333,"comment_status":"open","ping_status":"closed","template":"","meta":[],"product_brand":[],"product_cat":[15],"product_tag":[],"class_list":{"0":"post-10327","1":"product","2":"type-product","3":"status-publish","4":"has-post-thumbnail","6":"product_cat-uncategorized","8":"first","9":"instock","10":"sale","11":"shipping-taxable","12":"purchasable","13":"product-type-variable"},"_links":{"self":[{"href":"https:\/\/walkin.tn\/index.php?rest_route=\/wp\/v2\/product\/10327","targetHints":{"allow":["GET"]}}],"collection":[{"href":"https:\/\/walkin.tn\/index.php?rest_route=\/wp\/v2\/product"}],"about":[{"href":"https:\/\/walkin.tn\/index.php?rest_route=\/wp\/v2\/types\/product"}],"replies":[{"embeddable":true,"href":"https:\/\/walkin.tn\/index.php?rest_route=%2Fwp%2Fv2%2Fcomments&post=10327"}],"wp:featuredmedia":[{"embeddable":true,"href":"https:\/\/walkin.tn\/index.php?rest_route=\/wp\/v2\/media\/10333"}],"wp:attachment":[{"href":"https:\/\/walkin.tn\/index.php?rest_route=%2Fwp%2Fv2%2Fmedia&parent=10327"}],"wp:term":[{"taxonomy":"product_brand","embeddable":true,"href":"https:\/\/walkin.tn\/index.php?rest_route=%2Fwp%2Fv2%2Fproduct_brand&post=10327"},{"taxonomy":"product_cat","embeddable":true,"href":"https:\/\/walkin.tn\/index.php?rest_route=%2Fwp%2Fv2%2Fproduct_cat&post=10327"},{"taxonomy":"product_tag","embeddable":true,"href":"https:\/\/walkin.tn\/index.php?rest_route=%2Fwp%2Fv2%2Fproduct_tag&post=10327"}],"curies":[{"name":"wp","href":"https:\/\/api.w.org\/{rel}","templated":true}]}}